 - 7*q**2 + 5*q + 39. Let g be j(-7). Suppose -3*d = 15, 15 = -g*l + 11*d - 14*d. Let n(i) = -i + 1. What is n(l)?
1
Suppose -15 + 3 = -4*c + y, 0 = -3*c + 3*y + 9. Suppose c*s = d - 3*d + 3, 16 = -s + 5*d. Let r(u) = 31*u + 24*u + 24*u - 78*u. What is r(s)?
-1
Let a(w) be the first derivative of w**4/24 + w**3/3 + 2*w**2 + 18*w + 121. Let q(s) be the second derivative of a(s). What is q(-4)?
-2
Let b(i) = -3*i**3 - 24*i**2 - i - 3. Let p be b(-8). Suppose g - 3*r - 2 = 0, -g - 2*g + 34 = p*r. Let u(a) = g - 4*a - 5 + 10 + 5*a. Calculate u(-9).
4
Let q(d) = -d**3 + 43*d**2 - 81*d - 43. Let o(f) = -f**3 + 37*f**2 + 38*f - 1365. Let b be o(37). Give q(b).
-2
Suppose -127*t = 2*a - 129*t - 2, a + t = 5. Let r(m) = m**3 - 4*m**2 - 20*m + 47. Determine r(a).
-22
Let z = -25 - -17. Let f(j) = -12*j - 18*j + 58*j - 13*j - 16*j + 7. Give f(z).
15
Let s(d) = d**3 + 10*d**2 - d + 13. Let n be (0 - 6) + 277 + 1. Suppose -38*q - n = 108. What is s(q)?
23
Suppose -12*i + 17*i = -5*s + 10, s - 5*i + 16 = 0. Let o(v) = 63*v - 3. What is o(s)?
-66
Suppose -4*a + 5*s - 86 = 0, 5*a + 244*s - 245*s = -97. Let b(d) = 5*d + 88. What is b(a)?
-7
Let l(m) = 16. Let j(t) = -2*t + 1. Let b(x) = -3*j(x) - l(x). Let c(v) = -4*v + 13. Let y(f) = -5*b(f) - 7*c(f). What is y(-4)?
12
Let q(p) be the third derivative of -p**6/40 + p**5/30 + p**4/12 - p**3/3 + p**2. Suppose 5*u = -l - 3 - 3, 2*l = -4*u. Suppose o - l = -o. Determine q(o).
-14
Let g(m) = 0*m**3 + m**3 - m + m + 85033 - 84992 - 26*m**2. Give g(26).
41
Let w(a) be the third derivative of -a**4/24 - 17*a**3/6 + 2*a**2. Let o(h) = 7*h**3 - 2*h**2 + 13*h + 14. Let i be o(-1). Give w(i).
-9
Let f(p) = 30*p**2 + 4*p - 3. Suppose b - 4 = 0, 3*r + 80 - 103 = -5*b. What is f(r)?
31
Let p(l) = -24*l**3 - l**2 - 2*l - 2. Suppose -v = 6*v + 7. Let j be p(v). Suppose q = -j + 21. Let f(c) = 2*c**3 + 3*c**2 + 2*c + 1. Give f(q).
-7
Let c(g) = -5*g**3 + 3*g**2 + 6*g - 11. Let a(t) = -14*t**3 + 10*t**2 + 19*t - 32. Let h be (-65)/20 - -6*2/(-16). Let v(r) = h*a(r) + 11*c(r). Determine v(8).
-9
Let k(s) be the third derivative of -s**5/30 - 7*s**4/12 + 5*s**3/3 - s**2 + 307*s. Calculate k(-10).
-50
Let j(x) = x**3 + 4*x**2 - 6*x - 4. Let z(i) = -2*i**2 - 5*i + 3. Let a be z(-8). Let c = a - -80. Let w be j(c). Let s(m) = 4*m - 1. Calculate s(w).
3
Let h(u) be the second derivative of u**4/12 + u**3/2 - 39*u**2/2 + 11552*u. What is h(8)?
49
Let b(s) = -7*s**2 - 37. Suppose -7*q + 174 + 175 = 349. Determine b(q).
-37
Let i(n) = 9*n + 1. Suppose 5*g + 22 = -2*k + 70, 2*k - 3*g = 16. Let d(w) = -k*w - 14*w + 32*w + 1. Let m(f) = -7*d(f) + 3*i(f). Calculate m(-4).
0
Let l(w) = -w**2 - 6*w - 9. Let r be l(-6). Let x be (2 - 4) + 1 - r. Let a(g) be the second derivative of -g**4/12 + 4*g**3/3 - 3*g**2/2 - 3774*g. Give a(x).
-3
Suppose -15*k - 2700 = -25*k. Suppose 189 + k = 3*b. Let y(t) = -162*t + b*t - 2 + 2. Give y(1).
-9
Let v(i) be the first derivative of i**4/4 - 2*i**3 + i**2/2 - 6*i - 1. Let o(g) = 5*g**2 - 373*g - 918. Let a be o(77). What is v(a)?
0
Let w(z) = 2*z - 3*z**2 + 8*z**3 + 370 - z**3 - 371. Determine w(2).
47
Let l(d) = 340*d**3 - 15*d**2 + 6*d - 1. Let j(u) = -1247*u**3 + 58*u**2 - 22*u + 5. Let n(h) = 3*j(h) + 11*l(h). Let i be (-2)/(-8) - 70/(-8). What is n(i)?
4
Let o(h) = h**2 - 16*h - 5. Let q be o(14). Let u = q - -15. Let w = -26 - u. Let j(x) = x**3 + 7*x**2 - 6*x + 4. Give j(w).
-12
Let j(x) = -x**2 + 41*x + 7 - 6*x - 22*x + 15 - 28*x. What is j(-16)?
6
Let x(i) = 2*i**2 + 117*i + 1209. Let l be x(-45). Let c(j) = -j**2 - 8*j + 4. Let y(k) = -27 + 27 - k. Let a(z) = -c(z) + 5*y(z). What is a(l)?
14
Let c(o) = 95 - o**2 + 2589*o + 77 - 2612*o. What is c(6)?
-2
Let m be 3/(-9) + (-13 - (-68)/(-12)). Let k(u) = -u**3 - 19*u**2 + 4*u + 25. Calculate k(m).
-51
Let o = 22210 - 22211. Let q(g) = -2*g + g**3 + g - g**2 + 0*g**2. Give q(o).
-1
Let d(k) be the third derivative of -k**7/1680 + k**6/180 - 2*k**5/15 + k**4/24 - 2*k**2 + 13. Let c(u) be the third derivative of d(u). Determine c(3).
-5
Let s(k) be the first derivative of -k**3/3 + 13*k**2/2 + 8*k - 2165. What is s(14)?
-6
Let z be (-40)/(-8 - -3) - -87. Let b = 98 - z. Let n(h) = h**3 - 3*h**2 - 2*h + 2. Determine n(b).
-4
Let x(m) = m**2 - m - 5. Let o(j) = -5 - 4 - 36*j + 1 - 4 + 2*j**2. Let y be o(17). Let d = -42 - y. What is x(d)?
7
Suppose -n + 2 = 3*v + n, 3*v + 5*n + 13 = 0. Let s(t) = 2*t**2 - t - v - 1 - t**2. Suppose -160 = -16*b - 24*b - 0*b. Determine s(b).
7
Suppose -21*q + 465 = 717. Let h(f) = f**2 + 15*f + 29. What is h(q)?
-7
Let k be 60*(7560/(-400) - -19). Let g(m) = m + 10. Let x be g(-7). Let t(p) = -2*p - 3 + 4 + x. What is t(k)?
-8
Let s(n) = -3*n**3 - 17*n**2 + 4*n - 7. Let y be s(-6). Suppose -17 = -4*u + i, y*i - 2 = 7*i. Let q(m) = -14 + 1 + u - m + 0. Give q(-7).
-2
Let w be (8 + -12)/(3/(-6)). Suppose -h + 5*h - w = 0. Let i(p) = -1 + 0*p - 9*p**2 + 4*p + 4*p**h + p**3. Determine i(5).
19
Let v = -1 - -5. Let g(k) = 1 + k - v + 0*k. Suppose 5*j = -2*s + 14, 2*j + 145*s = 147*s + 14. What is g(j)?
1
Let j(a) = 21*a + 120. Let t(s) = -4*s - 23. Let c(d) = -2*j(d) - 11*t(d). What is c(-11)?
-9
Let t = 30 - 30. Suppose a - 4 = t, -o - 5*a + 19 = -2. Let z(s) = -15*s**2 + s. What is z(o)?
-14
Suppose 2*q - 8*b - 160 = -13*b, 3*q = -5*b + 235. Let x be (-40)/500 + 531/q. Let m(c) = c**2 - 9*c + 6. Give m(x).
-8
Let z be 1/(-3) + (-20)/(-6) + -1. Let r(d) = -3 + 1767*d**2 - 8*d - 1 - 1768*d**z. Let g = -7 - -3. Calculate r(g).
12
Let q(i) = -i**3 - 4*i**2 - 4*i - 2. Let b be q(-2). Let r(m) = 3*m**2 - 3*m - 3. Let s be r(-1). Let l be b/s*42/(-28). Let a(v) = 10*v + 1. Determine a(l).
11
Let g(n) be the first derivative of 24*n + 3/2*n**2 + 63. Calculate g(-10).
-6
Let r = -2472 - -2477. Let o(x) = x**2 + 9*x - 12. Determine o(r).
58
Let f(j) = -j + 2. Let h(p) = 1. Let a(n) = 2*f(n) + 2*h(n). Let z = 39593 + -39588. What is a(z)?
-4
Let m = 11189 - 11181. Let h(n) be the third derivative of -n**6/120 + 2*n**5/15 + n**4/24 - 11*n**3/6 - 8*n**2. Calculate h(m).
-3
Let v = 135 + -137. Let o(i) be the first derivative of 4*i**3/3 - i**2 + i + 520. Determine o(v).
21
Let y(d) = 15 - 5*d + 0*d - 6. Let c(g) = -g**2 + 809*g - 1608. Let s be c(2). Calculate y(s).
-21
Let g(h) = 34*h**3 - 2*h**2 + 7*h + 2. Let z(c) = c**2 - 7*c - 1. Let a(t) = -g(t) - z(t). Determine a(1).
-34
Let b(j) = -j**2 + 7*j + 8. Let m be b(6). Let y be (-80)/m + 2/(-7). Let u(f) = -148251*f + 148245*f + 1 - 5*f**2 - 2*f**2 - f**3. Calculate u(y).
1
Let h(t) be the third derivative of t**6/120 + t**5/30 - t**4/8 - t**2. Let d be (24/15)/(2/5). Suppose 2*u = f - 8, 3*u - d*f = 2*u - 11. Calculate h(u).
0
Let x be -23 + (-15 - (-481)/13). Let g(a) = -3*a**2 - a + 1. Let o(i) = -1. Let w(t) = g(t) + 3*o(t). Give w(x).
-4
Let z(h) = -5*h - 21. Let j(a) = 6*a. Let o(c) = 2*j(c) + z(c). Calculate o(3).
0
Suppose -2 = -o, -o = -0*p + 2*p + 8. Let z(f) = f**3 - 7*f**2 + 5*f + 6. Let j be z(6). Let u(n) = 8*n + n**2 - n + j - 2*n + 7. Calculate u(p).
7
Let j(y) = y**3 - 4*y**2 - 3*y - 3. Let n(s) = -7*s**3 - 3*s**2 + s + 1. Suppose u + 3 = 2. Let i be n(u). Calculate j(i).
-15
Let g(y) = 10*y**2 + 1 + 13*y**2 - 3*y - 2 - 2 - 22*y**2. Calculate g(5).
7
Suppose -16*d - 70 = -30*d. Let k(v) = 7*v**3 + 3*v**2 + 3*v - 14. Let j(o) = 3*o**3 + 2*o**2 + o - 7. Let h(f) = d*j(f) - 2*k(f). Determine h(-3).
5
Let u(p) = p - 7. Let i(w) = -w**3 - 12*w**2 - 63*w - 436. Let l be i(-10). What is u(l)?
-13
Let p(d) = -2*d**2 + 5*d - 3. Suppose l - 3 = -0*l. Let w be (9/(-36) - 69/(-36))*l. What is p(w)?
-28
Let r(h) = 219 + 219 - 2*h - 493. Give r(-30).
5
Let a(j) = -207*j - 10 - 221*j - j**2 + 430*j. Calculate a(-5).
-45
Let k(s) be the third derivative of -s**5/60 - 7*s**4/12 + s**3 - 88*s**2. Let o be k(-14). Let u(x) = x**3 - 6*x**2 + 7. Determine u(o).
7
Let v(o) = -5*o + 80. Let d be v(16). Suppose -8*b - 45 - 3 = d. Let p(s) = s**3 + 7*s**2 + 5*s + 1. What is p(b)?
7
Suppose -279*t + 280*t = 8, 0 = 4*a + t + 8. Let k(v) = 8*v**2 + 28*v - 8. What is k(a)?
8
Let m(q) be the second derivative of q**3/3 + q**2 - 2*q + 1437. Let b be 2 - 1 - 8/2. Calculate m(b).
-4
Let p(g) = 12*g**2 + 4*g + 3. Let x(q) = -q**3 + 28*q**2 - 60*q + 210. Let s be x(26). Give p(s).
59
Let b(f) = -3*f 